ns digit of 470429015?
1
What is the units digit of 2434386981?
1
What is the millions digit of 869354835?
9
What is the tens digit of 103321532?
3
What is the units digit of 52941906?
6
What is the hundreds digit of 35591713?
7
What is the ten thousands digit of 205179969?
7
What is the hundred thousands digit of 280628029?
6
What is the hundred thousands digit of 39510192?
5
What is the hundreds digit of 1268460?
4
What is the millions digit of 8749814?
8
What is the units digit of 155757969?
9
What is the tens digit of 4526458?
5
What is the millions digit of 147021799?
7
What is the millions digit of 3173317232?
3
What is the hundred millions digit of 559623474?
5
What is the hundred thousands digit of 1593215039?
2
What is the tens digit of 62181722?
2
What is the hundred thousands digit of 3555820282?
8
What is the tens digit of 220720374?
7
What is the ten millions digit of 41502865?
4
What is the ten thousands digit of 228296689?
9
What is the ten millions digit of 41662135?
4
What is the thousands digit of 3114947763?
7
What is the tens digit of 100887864?
6
What is the hundred thousands digit of 20223164?
2
What is the millions digit of 134383621?
4
What is the hundred millions digit of 336566743?
3
What is the thousands digit of 79389662?
9
What is the millions digit of 2787453029?
7
What is the ten millions digit of 283272762?
8
What is the tens digit of 434775945?
4
What is the millions digit of 40003296?
0
What is the hundred millions digit of 703879267?
7
What is the hundreds digit of 23389966?
9
What is the ten thousands digit of 858308657?
0
What is the ten thousands digit of 97747047?
4
What is the tens digit of 962169713?
1
What is the hundreds digit of 261153672?
6
What is the ten thousands digit of 505293216?
9
What is the hundred millions digit of 4008759444?
0
What is the ten thousands digit of 121102609?
0
What is the units digit of 78150519?
9
What is the thousands digit of 1719971468?
1
What is the millions digit of 1000970317?
0
What is the hundreds digit of 5876024550?
5
What is the billions digit of 5019637485?
5
What is the ten thousands digit of 212004752?
0
What is the thousands digit of 141215780?
5
What is the millions digit of 5122862194?
2
What is the ten millions digit of 1754048993?
5
What is the ten millions digit of 92421917?
9
What is the hundreds digit of 10614600?
6
What is the millions digit of 6082331?
6
What is the hundred millions digit of 1229725875?
2
What is the tens digit of 509626866?
6
What is the hundred thousands digit of 70450436?
4
What is the tens digit of 2148081184?
8
What is the millions digit of 178065343?
8
What is the units digit of 113226609?
9
What is the hundred millions digit of 168851367?
1
What is the millions digit of 50636553?
0
What is the millions digit of 35969013?
5
What is the tens digit of 2047366161?
6
What is the thousands digit of 47186846?
6
What is the ten millions digit of 125366503?
2
What is the hundred millions digit of 102806130?
1
What is the hundreds digit of 268025722?
7
What is the millions digit of 90851535?
0
What is the ten millions digit of 34965187?
3
What is the hundreds digit of 2412171433?
4
What is the ten millions digit of 470249669?
7
What is the hundred thousands digit of 64797304?
7
What is the tens digit of 191876233?
3
What is the ten thousands digit of 457831405?
3
What is the thousands digit of 307147?
7
What is the tens digit of 20210955?
5
What is the ten millions digit of 394935521?
9
What is the thousands digit of 773715431?
5
What is the hundreds digit of 931875731?
7
What is the hundred millions digit of 734293202?
7
What is the hundreds digit of 27902512?
5
What is the tens digit of 37100303?
0
What is the ten thousands digit of 749994370?
9
What is the tens digit of 20401763?
6
What is the ten millions digit of 669422198?
6
What is the units digit of 521829102?
2
What is the ten millions digit of 64396018?
6
What is the hundred millions digit of 604777450?
6
What is the hundred thousands digit of 84589710?
5
What is the hundred thousands digit of 1770541972?
5
What is the ten thousands digit of 1044974558?
7
What is the hundred millions digit of 428463302?
4
What is the tens digit of 1424634984?
8
What is the millions digit of 323782540?
3
What is the millions digit of 1171369335?
1
What is the hundreds digit of 33488214?
2
What is the units digit of 1181809466?
6
What is the hundred thousands digit of 3196985554?
9
What is the tens digit of 1287536634?
3
What is the tens digit of 59799276?
7
What is the hundreds digit of 216186084?
0
What is the ten thousands digit of 362421939?
2
What is the ten thousands digit of 1495806719?
0
What is the hundred thousands digit of 397711781?
7
What is the millions digit of 576263886?
6
What is the ten millions digit of 488890159?
8
What is the hundred thousands digit of 1820325458?
3
What is the thousands digit of 861301012?
1
What is the hundreds digit of 4894403?
4
What is the hundreds digit of 569375886?
8
What is the units digit of 2172715446?
6
What is the tens digit of 293942887?
8
What is the thousands digit of 1923740310?
0
What is the millions digit of 1483082867?
3
What is the thousands digit of 2650395353?
5
What is the units digit of 1375198490?
0
What is the thousands digit of 200259195?
9
What is the billions digit of 5777824563?
5
What is the millions digit of 637930186?
7
What is the thousands digit of 222274312?
4
What is the ten millions digit of 412992981?
1
What is the hundred thousands digit of 350995800?
9
What is the hundred millions digit of 1363373865?
3
What is the hundred thousands digit of 161609823?
6
What is the millions digit of 146780252?
6
What is the thousands digit of 43446744?
6
What is the millions digit of 2260317449?
0
What is the units digit of 59336949?
9
What is the ten millions digit of 69019371?
6
What is the ten thousands digit of 5743586108?
8
What is the units digit of 477710508?
8
What is the units digit of 412857965?
5
What is the hundred thousands digit of 313909877?
9
What is the hundred millions digit of 232430587?
2
What is the hundreds digit of 494211739?
7
What is the ten thousands digit of 1227640267?
4
What is the hundred thousands digit of 3352649395?
6
What is the ten thousands digit of 4736872409?
7
What is the millions digit of 20738796?
0
What is the tens digit of 693514963?
6
What is the hundred millions digit of 366923614?
3
What is the thousands digit of 7408490?
8
What is the thousands digit of 59120166?
0
What is the hundreds digit of 48519868?
8
What is the tens digit of 3045018942?
4
What is the hundreds digit of 59655563?
5
What is the millions digit of 6174892802?
4
What is the ten thousands digit of 1626908613?
0
What is the thousands digit of 812133986?
3
What is the hundred thousands digit of 1051534484?
5
What is the units digit of 288733865?
5
What is the ten thousands digit of 91301556?
0
What is the ten millions digit of 20527080?
2
What is the hundred millions digit of 212229882?
2
What is the millions digit of 986885232?
6
What is the hundred thousands digit of 7096959?
0
What is the hundreds digit of 11552398?
3
What is the hundred thousands digit of 13979554?
9
What is the tens digit of 3176810338?
3
What is the ten millions digit of 1011665871?
1
What is the hundred thousands digit of 89121737?
1
What is the hundreds digit of 192505000?
0
What is the units digit of 375753279?
9
What is the tens digit of 815316619?
1
What is the hundreds digit of 5741971042?
0
What is the thousands digit of 4863832222?
2
What is the billions digit of 2507226487?
2
What is the units digit of 718047578?
8
What is the thousands digit of 53266720?
6
What is the units digit of 25743707?
7
What is the ten millions digit of 18400403?
1
What is the units digit of 1904480468?
8
What is the millions digit of 80992801?
0
What is the ten millions digit of 62605453?
6
What is the ten thousands digit of 18652862?
5
What is the units digit of 87570841?
1
What is the hundred thousands digit of 71830403?
8
What is the thousands digit of 93955098?
5
What is the hundreds digit of 163675624?
6
What is the tens digit of 1429599521?
2
What is the hundred thousands digit of 185702208?
7
What is the thousands digit of 57827827?
7
What is the hund